{"id":1562,"date":"2012-03-15T13:46:45","date_gmt":"2012-03-15T16:46:45","guid":{"rendered":"http:\/\/www.decisaoclinica.com\/blog\/?page_id=1562"},"modified":"2017-03-31T00:56:49","modified_gmt":"2017-03-31T00:56:49","slug":"estatistica-na-pesquisa-clinica","status":"publish","type":"page","link":"https:\/\/www.usinadepesquisa.com\/?page_id=1562","title":{"rendered":"Livros"},"content":{"rendered":"<p style=\"text-align: right;\"><span style=\"font-family: arial, helvetica, sans-serif;\">Short URL: http:\/\/bit.ly\/livros7<\/span><\/p>\n<p style=\"text-align: justify;\"><span style=\"font-size: x-large; font-family: arial, helvetica, sans-serif;\">Os livros dispon\u00edveis podem ser acessados clicando nos atalhos (<em>links<\/em>) abaixo:<\/span><\/p>\n<ul style=\"list-style-type: square;\">\n<li><span style=\"font-size: x-large; font-family: arial, helvetica, sans-serif;\"><strong><span style=\"color: #000080;\">A Estat\u00edstica na Pesquisa Cl\u00ednica<\/span><\/strong><\/span>\n<ul>\n<li><span style=\"font-family: arial, helvetica, sans-serif;\"><span style=\"font-size: x-large;\">Formato <\/span><a href=\"http:\/\/bit.ly\/numeros7\"><span style=\"font-size: x-large;\">html<\/span><\/a><\/span><\/li>\n<\/ul>\n<\/li>\n<li><span style=\"font-family: arial, helvetica, sans-serif;\"><strong><span style=\"font-size: x-large; color: #000080;\">A revis\u00e3o sistem\u00e1tica com e sem metan\u00e1lise<\/span><\/strong><\/span>\n<ul>\n<li><span style=\"font-family: arial,helvetica,sans-serif; font-size: x-large;\">Formato <a href=\"http:\/\/www.decisaoclinica.com\/blog\/?page_id=1687\">PDF<\/a><br \/>\n<\/span><\/li>\n<\/ul>\n<\/li>\n<li><span style=\"font-family: arial, helvetica, sans-serif;\"><strong><span style=\"font-size: x-large; color: #000080;\">O projeto de pesquisa<\/span><\/strong><\/span>\n<ul>\n<li><span style=\"font-family: arial,helvetica,sans-serif; font-size: x-large;\">Formato <a href=\"http:\/\/www.decisaoclinica.com\/blog\/?page_id=1691\">PDF<\/a><\/span><\/li>\n<\/ul>\n<\/li>\n<li><span style=\"font-family: arial, helvetica, sans-serif;\"><strong><span style=\"font-size: x-large; color: #000080;\">O Livro Vermelho<\/span><\/strong><span style=\"font-size: x-large;\"><br \/>\n<\/span><\/span><\/p>\n<ul>\n<li><span style=\"font-family: arial,helvetica,sans-serif; font-size: x-large;\">Formato <a href=\"http:\/\/www.metodologia.org\/livro\">html + PDF<\/a><\/span><\/li>\n<\/ul>\n<\/li>\n<li><span style=\"font-family: arial, helvetica, sans-serif;\"><strong><span style=\"font-size: x-large; color: #000080;\">Fiat Lux: O Ciclo de Vida de Uma Pesquisa<\/span><\/strong><\/span>\n<ul>\n<li><span style=\"font-family: arial,helvetica,sans-serif; font-size: x-large;\">Formato <a href=\"http:\/\/decisaoclinica.com\/epub\/fiatlux.epub\">ePub<\/a> | <a href=\"http:\/\/www.decisaoclinica.com\/pdf\/fiatlux.pdf\">PDF<\/a> | <a href=\"http:\/\/bit.ly\/pesquisar\">html<\/a>\u00a0| <a href=\"Formato iBook: https:\/\/itunes.apple.com\/br\/book\/fiat-lux\/id576002173?mt=11\">iBooks<\/a><\/span><\/li>\n<\/ul>\n<\/li>\n<\/ul>\n<p style=\"text-align: right;\">Short URL: http:\/\/bit.ly\/livros7<br \/>\n(((http:\/\/bit.ly\/livros7)))<\/p>\n","protected":false},"excerpt":{"rendered":"<p>Short URL: http:\/\/bit.ly\/livros7 Os livros dispon\u00edveis podem ser acessados clicando nos atalhos (links) abaixo: A Estat\u00edstica na Pesquisa Cl\u00ednica Formato html A revis\u00e3o sistem\u00e1tica com e sem metan\u00e1lise Formato PDF O projeto de pesquisa Formato PDF O Livro Vermelho Formato html + PDF Fiat Lux: O Ciclo de Vida de Uma Pesquisa Formato ePub | [&hellip;]<\/p>\n","protected":false},"author":1,"featured_media":0,"parent":0,"menu_order":0,"comment_status":"closed","ping_status":"closed","template":"","meta":{"footnotes":""},"class_list":["post-1562","page","type-page","status-publish","czr-hentry"],"_links":{"self":[{"href":"https:\/\/www.usinadepesquisa.com\/index.php?rest_route=\/wp\/v2\/pages\/1562","targetHints":{"allow":["GET"]}}],"collection":[{"href":"https:\/\/www.usinadepesquisa.com\/index.php?rest_route=\/wp\/v2\/pages"}],"about":[{"href":"https:\/\/www.usinadepesquisa.com\/index.php?rest_route=\/wp\/v2\/types\/page"}],"author":[{"embeddable":true,"href":"https:\/\/www.usinadepesquisa.com\/index.php?rest_route=\/wp\/v2\/users\/1"}],"replies":[{"embeddable":true,"href":"https:\/\/www.usinadepesquisa.com\/index.php?rest_route=%2Fwp%2Fv2%2Fcomments&post=1562"}],"version-history":[{"count":2,"href":"https:\/\/www.usinadepesquisa.com\/index.php?rest_route=\/wp\/v2\/pages\/1562\/revisions"}],"predecessor-version":[{"id":4383,"href":"https:\/\/www.usinadepesquisa.com\/index.php?rest_route=\/wp\/v2\/pages\/1562\/revisions\/4383"}],"wp:attachment":[{"href":"https:\/\/www.usinadepesquisa.com\/index.php?rest_route=%2Fwp%2Fv2%2Fmedia&parent=1562"}],"curies":[{"name":"wp","href":"https:\/\/api.w.org\/{rel}","templated":true}]}}