{"id":2297,"date":"2012-11-18T16:09:27","date_gmt":"2012-11-18T19:09:27","guid":{"rendered":"http:\/\/www.decisaoclinica.com\/blog\/?page_id=2297"},"modified":"2025-03-20T22:19:28","modified_gmt":"2025-03-20T22:19:28","slug":"patentear","status":"publish","type":"page","link":"https:\/\/www.usinadepesquisa.com\/?page_id=2297","title":{"rendered":"Patentear"},"content":{"rendered":"<div>\n<div style=\"text-align: center;\"><a href=\"https:\/\/www.usinadepesquisa.com\/wp-content\/uploads\/2024\/11\/bit.ly7patentear.png\"><img loading=\"lazy\" decoding=\"async\" class=\"aligncenter size-thumbnail wp-image-5970\" src=\"https:\/\/www.usinadepesquisa.com\/wp-content\/uploads\/2024\/11\/bit.ly7patentear-150x150.png\" alt=\"\" width=\"150\" height=\"150\" srcset=\"https:\/\/www.usinadepesquisa.com\/wp-content\/uploads\/2024\/11\/bit.ly7patentear-150x150.png 150w, https:\/\/www.usinadepesquisa.com\/wp-content\/uploads\/2024\/11\/bit.ly7patentear-300x300.png 300w, https:\/\/www.usinadepesquisa.com\/wp-content\/uploads\/2024\/11\/bit.ly7patentear-768x768.png 768w, https:\/\/www.usinadepesquisa.com\/wp-content\/uploads\/2024\/11\/bit.ly7patentear.png 1000w\" sizes=\"auto, (max-width: 150px) 100vw, 150px\" \/><\/a>https:\/\/bit.ly\/7patentear<\/div>\n<\/div>\n<p>&nbsp;<\/p>\n<div id=\"attachment_5946\" style=\"width: 310px\" class=\"wp-caption aligncenter\"><a href=\"https:\/\/www.usinadepesquisa.com\/?page_id=5983\"><img loading=\"lazy\" decoding=\"async\" aria-describedby=\"caption-attachment-5946\" class=\"wp-image-5946 size-medium\" src=\"https:\/\/www.usinadepesquisa.com\/wp-content\/uploads\/2024\/11\/photo_2024-11-16_08-28-17-300x295.jpg\" alt=\"\" width=\"300\" height=\"295\" srcset=\"https:\/\/www.usinadepesquisa.com\/wp-content\/uploads\/2024\/11\/photo_2024-11-16_08-28-17-300x295.jpg 300w, https:\/\/www.usinadepesquisa.com\/wp-content\/uploads\/2024\/11\/photo_2024-11-16_08-28-17-768x755.jpg 768w, https:\/\/www.usinadepesquisa.com\/wp-content\/uploads\/2024\/11\/photo_2024-11-16_08-28-17.jpg 827w\" sizes=\"auto, (max-width: 300px) 100vw, 300px\" \/><\/a><p id=\"caption-attachment-5946\" class=\"wp-caption-text\">Figura. Pensar a patente sem est\u00e1 associada a pesquisa e a empresa \u00e9 um pessamento menor.<\/p><\/div>\n<p><a href=\"https:\/\/www.usinadepesquisa.com\/wp-content\/uploads\/2024\/11\/inovacao-3.png\"><img loading=\"lazy\" decoding=\"async\" class=\"aligncenter size-medium wp-image-5990\" src=\"https:\/\/www.usinadepesquisa.com\/wp-content\/uploads\/2024\/11\/inovacao-3-300x225.png\" alt=\"\" width=\"300\" height=\"225\" srcset=\"https:\/\/www.usinadepesquisa.com\/wp-content\/uploads\/2024\/11\/inovacao-3-300x225.png 300w, https:\/\/www.usinadepesquisa.com\/wp-content\/uploads\/2024\/11\/inovacao-3-768x576.png 768w, https:\/\/www.usinadepesquisa.com\/wp-content\/uploads\/2024\/11\/inovacao-3.png 1024w\" sizes=\"auto, (max-width: 300px) 100vw, 300px\" \/><\/a><\/p>\n<div id=\"attachment_5979\" style=\"width: 1034px\" class=\"wp-caption aligncenter\"><a href=\"https:\/\/www.usinadepesquisa.com\/wp-content\/uploads\/2024\/11\/Solucao-Prototipo-Validado-2.png\"><img loading=\"lazy\" decoding=\"async\" aria-describedby=\"caption-attachment-5979\" class=\"wp-image-5979 size-large\" src=\"https:\/\/www.usinadepesquisa.com\/wp-content\/uploads\/2024\/11\/Solucao-Prototipo-Validado-2-1024x576.png\" alt=\"O processo de patente pode ser compreendido em tr\u00eas etapas principais: Concep\u00e7\u00e3o, Dep\u00f3sito e Concess\u00e3o. Cada uma dessas fases \u00e9 essencial para garantir a prote\u00e7\u00e3o legal de uma inven\u00e7\u00e3o.Na Concep\u00e7\u00e3o, o inventor desenvolve a ideia, verifica sua viabilidade e realiza uma pesquisa de anterioridade para assegurar que sua cria\u00e7\u00e3o \u00e9 nova. Nessa etapa, \u00e9 imprescind\u00edvel elaborar o relat\u00f3rio descritivo, contendo detalhes t\u00e9cnicos, e as ilustra\u00e7\u00f5es que descrevem a inven\u00e7\u00e3o de forma clara e precisa. A etapa do Dep\u00f3sito inicia-se com o envio do pedido ao INPI (Instituto Nacional da Propriedade Industrial). Nesse momento, s\u00e3o apresentados os documentos exigidos, e o pedido passa por um exame formal, seguido da publica\u00e7\u00e3o no Di\u00e1rio Oficial. Ap\u00f3s a publica\u00e7\u00e3o, o inventor deve solicitar o exame t\u00e9cnico, que avalia a patenteabilidade da inven\u00e7\u00e3o. Por fim, a Concess\u00e3o ocorre ap\u00f3s a an\u00e1lise t\u00e9cnica. Se a inven\u00e7\u00e3o atender aos crit\u00e9rios legais, o pedido \u00e9 deferido, e o titular deve pagar as taxas de concess\u00e3o. Assim, o invento \u00e9 registrado, com validade de at\u00e9 20 anos para patentes de inven\u00e7\u00e3o e 15 anos para modelos de utilidade, garantindo exclusividade de uso e explora\u00e7\u00e3o comercial.\" width=\"1024\" height=\"576\" srcset=\"https:\/\/www.usinadepesquisa.com\/wp-content\/uploads\/2024\/11\/Solucao-Prototipo-Validado-2-1024x576.png 1024w, https:\/\/www.usinadepesquisa.com\/wp-content\/uploads\/2024\/11\/Solucao-Prototipo-Validado-2-300x169.png 300w, https:\/\/www.usinadepesquisa.com\/wp-content\/uploads\/2024\/11\/Solucao-Prototipo-Validado-2-768x432.png 768w, https:\/\/www.usinadepesquisa.com\/wp-content\/uploads\/2024\/11\/Solucao-Prototipo-Validado-2-1536x864.png 1536w, https:\/\/www.usinadepesquisa.com\/wp-content\/uploads\/2024\/11\/Solucao-Prototipo-Validado-2.png 1920w\" sizes=\"auto, (max-width: 1024px) 100vw, 1024px\" \/><\/a><p id=\"caption-attachment-5979\" class=\"wp-caption-text\">Figura. Vis\u00e3o geral do processo de patentear, suas etapas e componentes<\/p><\/div>\n<p><a href=\"https:\/\/www.usinadepesquisa.com\/wp-content\/uploads\/2025\/03\/3.png\"><img loading=\"lazy\" decoding=\"async\" class=\"aligncenter size-medium wp-image-6007\" src=\"https:\/\/www.usinadepesquisa.com\/wp-content\/uploads\/2025\/03\/3-300x225.png\" alt=\"\" width=\"300\" height=\"225\" srcset=\"https:\/\/www.usinadepesquisa.com\/wp-content\/uploads\/2025\/03\/3-300x225.png 300w, https:\/\/www.usinadepesquisa.com\/wp-content\/uploads\/2025\/03\/3-768x576.png 768w, https:\/\/www.usinadepesquisa.com\/wp-content\/uploads\/2025\/03\/3.png 1024w\" sizes=\"auto, (max-width: 300px) 100vw, 300px\" \/><\/a><\/p>\n<p><a href=\"https:\/\/www.usinadepesquisa.com\/wp-content\/uploads\/2025\/03\/4.png\"><img loading=\"lazy\" decoding=\"async\" class=\"aligncenter size-medium wp-image-6008\" src=\"https:\/\/www.usinadepesquisa.com\/wp-content\/uploads\/2025\/03\/4-300x225.png\" alt=\"\" width=\"300\" height=\"225\" srcset=\"https:\/\/www.usinadepesquisa.com\/wp-content\/uploads\/2025\/03\/4-300x225.png 300w, https:\/\/www.usinadepesquisa.com\/wp-content\/uploads\/2025\/03\/4-768x576.png 768w, https:\/\/www.usinadepesquisa.com\/wp-content\/uploads\/2025\/03\/4.png 1024w\" sizes=\"auto, (max-width: 300px) 100vw, 300px\" \/><\/a><\/p>\n<p><a href=\"https:\/\/www.usinadepesquisa.com\/wp-content\/uploads\/2025\/03\/5.png\"><img loading=\"lazy\" decoding=\"async\" class=\"aligncenter size-medium wp-image-6009\" src=\"https:\/\/www.usinadepesquisa.com\/wp-content\/uploads\/2025\/03\/5-300x225.png\" alt=\"\" width=\"300\" height=\"225\" srcset=\"https:\/\/www.usinadepesquisa.com\/wp-content\/uploads\/2025\/03\/5-300x225.png 300w, https:\/\/www.usinadepesquisa.com\/wp-content\/uploads\/2025\/03\/5-768x576.png 768w, https:\/\/www.usinadepesquisa.com\/wp-content\/uploads\/2025\/03\/5.png 1024w\" sizes=\"auto, (max-width: 300px) 100vw, 300px\" \/><\/a><\/p>\n<p><a href=\"https:\/\/www.usinadepesquisa.com\/wp-content\/uploads\/2025\/03\/7.png\"><img loading=\"lazy\" decoding=\"async\" class=\"aligncenter size-medium wp-image-6010\" src=\"https:\/\/www.usinadepesquisa.com\/wp-content\/uploads\/2025\/03\/7-300x225.png\" alt=\"\" width=\"300\" height=\"225\" srcset=\"https:\/\/www.usinadepesquisa.com\/wp-content\/uploads\/2025\/03\/7-300x225.png 300w, https:\/\/www.usinadepesquisa.com\/wp-content\/uploads\/2025\/03\/7-768x576.png 768w, https:\/\/www.usinadepesquisa.com\/wp-content\/uploads\/2025\/03\/7.png 1024w\" sizes=\"auto, (max-width: 300px) 100vw, 300px\" \/><\/a><\/p>\n<p><a href=\"https:\/\/www.usinadepesquisa.com\/wp-content\/uploads\/2025\/03\/8.png\"><img loading=\"lazy\" decoding=\"async\" class=\"aligncenter size-medium wp-image-6011\" src=\"https:\/\/www.usinadepesquisa.com\/wp-content\/uploads\/2025\/03\/8-300x225.png\" alt=\"\" width=\"300\" height=\"225\" srcset=\"https:\/\/www.usinadepesquisa.com\/wp-content\/uploads\/2025\/03\/8-300x225.png 300w, https:\/\/www.usinadepesquisa.com\/wp-content\/uploads\/2025\/03\/8-768x576.png 768w, https:\/\/www.usinadepesquisa.com\/wp-content\/uploads\/2025\/03\/8.png 1024w\" sizes=\"auto, (max-width: 300px) 100vw, 300px\" \/><\/a><\/p>\n<p><a href=\"https:\/\/www.usinadepesquisa.com\/wp-content\/uploads\/2025\/03\/9.png\"><img loading=\"lazy\" decoding=\"async\" class=\"aligncenter size-medium wp-image-6012\" src=\"https:\/\/www.usinadepesquisa.com\/wp-content\/uploads\/2025\/03\/9-300x225.png\" alt=\"\" width=\"300\" height=\"225\" srcset=\"https:\/\/www.usinadepesquisa.com\/wp-content\/uploads\/2025\/03\/9-300x225.png 300w, https:\/\/www.usinadepesquisa.com\/wp-content\/uploads\/2025\/03\/9-768x576.png 768w, https:\/\/www.usinadepesquisa.com\/wp-content\/uploads\/2025\/03\/9.png 1024w\" sizes=\"auto, (max-width: 300px) 100vw, 300px\" \/><\/a><\/p>\n<p>&nbsp;<\/p>\n<p><a href=\"https:\/\/www.usinadepesquisa.com\/wp-content\/uploads\/2025\/03\/11.png\"><img loading=\"lazy\" decoding=\"async\" class=\"aligncenter size-medium wp-image-6014\" src=\"https:\/\/www.usinadepesquisa.com\/wp-content\/uploads\/2025\/03\/11-300x225.png\" alt=\"\" width=\"300\" height=\"225\" srcset=\"https:\/\/www.usinadepesquisa.com\/wp-content\/uploads\/2025\/03\/11-300x225.png 300w, https:\/\/www.usinadepesquisa.com\/wp-content\/uploads\/2025\/03\/11-768x576.png 768w, https:\/\/www.usinadepesquisa.com\/wp-content\/uploads\/2025\/03\/11.png 1024w\" sizes=\"auto, (max-width: 300px) 100vw, 300px\" \/><\/a><\/p>\n<p><a href=\"https:\/\/www.usinadepesquisa.com\/wp-content\/uploads\/2025\/03\/12.png\"><img loading=\"lazy\" decoding=\"async\" class=\"aligncenter size-medium wp-image-6015\" src=\"https:\/\/www.usinadepesquisa.com\/wp-content\/uploads\/2025\/03\/12-300x225.png\" alt=\"\" width=\"300\" height=\"225\" srcset=\"https:\/\/www.usinadepesquisa.com\/wp-content\/uploads\/2025\/03\/12-300x225.png 300w, https:\/\/www.usinadepesquisa.com\/wp-content\/uploads\/2025\/03\/12-768x576.png 768w, https:\/\/www.usinadepesquisa.com\/wp-content\/uploads\/2025\/03\/12.png 1024w\" sizes=\"auto, (max-width: 300px) 100vw, 300px\" \/><\/a><a href=\"https:\/\/www.usinadepesquisa.com\/wp-content\/uploads\/2025\/03\/13.png\"><img loading=\"lazy\" decoding=\"async\" class=\"aligncenter size-medium wp-image-6016\" src=\"https:\/\/www.usinadepesquisa.com\/wp-content\/uploads\/2025\/03\/13-300x225.png\" alt=\"\" width=\"300\" height=\"225\" srcset=\"https:\/\/www.usinadepesquisa.com\/wp-content\/uploads\/2025\/03\/13-300x225.png 300w, https:\/\/www.usinadepesquisa.com\/wp-content\/uploads\/2025\/03\/13-768x576.png 768w, https:\/\/www.usinadepesquisa.com\/wp-content\/uploads\/2025\/03\/13.png 1024w\" sizes=\"auto, (max-width: 300px) 100vw, 300px\" \/><\/a><\/p>\n<p><a href=\"https:\/\/www.usinadepesquisa.com\/wp-content\/uploads\/2025\/03\/14.png\"><img loading=\"lazy\" decoding=\"async\" class=\"aligncenter size-medium wp-image-6017\" src=\"https:\/\/www.usinadepesquisa.com\/wp-content\/uploads\/2025\/03\/14-300x225.png\" alt=\"\" width=\"300\" height=\"225\" srcset=\"https:\/\/www.usinadepesquisa.com\/wp-content\/uploads\/2025\/03\/14-300x225.png 300w, https:\/\/www.usinadepesquisa.com\/wp-content\/uploads\/2025\/03\/14-768x576.png 768w, https:\/\/www.usinadepesquisa.com\/wp-content\/uploads\/2025\/03\/14.png 1024w\" sizes=\"auto, (max-width: 300px) 100vw, 300px\" \/><\/a><\/p>\n<hr \/>\n<div>\n<div><\/div>\n<div style=\"text-align: center;\"><span style=\"font-family: arial, helvetica, sans-serif;\"><a href=\"https:\/\/www.gov.br\/inpi\/pt-br\"><img loading=\"lazy\" decoding=\"async\" class=\"aligncenter size-medium wp-image-5967\" src=\"https:\/\/www.usinadepesquisa.com\/wp-content\/uploads\/2024\/11\/concurso-INPI-2024-300x132.png\" alt=\"\" width=\"300\" height=\"132\" srcset=\"https:\/\/www.usinadepesquisa.com\/wp-content\/uploads\/2024\/11\/concurso-INPI-2024-300x132.png 300w, https:\/\/www.usinadepesquisa.com\/wp-content\/uploads\/2024\/11\/concurso-INPI-2024-1024x451.png 1024w, https:\/\/www.usinadepesquisa.com\/wp-content\/uploads\/2024\/11\/concurso-INPI-2024-768x339.png 768w, https:\/\/www.usinadepesquisa.com\/wp-content\/uploads\/2024\/11\/concurso-INPI-2024.png 1200w\" sizes=\"auto, (max-width: 300px) 100vw, 300px\" \/><\/a><\/span><\/div>\n<div style=\"text-align: center;\"><span style=\"font-family: arial, helvetica, sans-serif;\">Figura &#8211; Instituto Nacional da Propriedade Industrial<br \/>\n<a href=\"https:\/\/www.inpi.gov.br\">https:\/\/www.inpi.gov.br<\/a><\/span><\/div>\n<div><\/div>\n<p style=\"text-align: center;\"><a href=\"https:\/\/www.usinadepesquisa.com\/wp-content\/uploads\/2024\/11\/carta-de-patente.jpg\"><img loading=\"lazy\" decoding=\"async\" class=\"aligncenter size-medium wp-image-5968\" src=\"https:\/\/www.usinadepesquisa.com\/wp-content\/uploads\/2024\/11\/carta-de-patente-223x300.jpg\" alt=\"\" width=\"223\" height=\"300\" srcset=\"https:\/\/www.usinadepesquisa.com\/wp-content\/uploads\/2024\/11\/carta-de-patente-223x300.jpg 223w, https:\/\/www.usinadepesquisa.com\/wp-content\/uploads\/2024\/11\/carta-de-patente.jpg 240w\" sizes=\"auto, (max-width: 223px) 100vw, 223px\" \/><\/a>Figura &#8211; Exemplo de carta patente expedida no Brasil<\/p>\n<\/div>\n<p style=\"text-align: justify;\"><span style=\"font-family: arial, helvetica, sans-serif;\">\u00a0<\/span><\/p>\n<p style=\"text-align: justify;\"><span style=\"font-family: arial, helvetica, sans-serif;\"><strong>1. O que \u00e9 patente?<\/strong>\u00a0(fonte:\u00a0<a href=\"http:\/\/www.inpi.gov.br\/menu-esquerdo\/patente\/pasta_oquee\" target=\"_blank\" rel=\"noopener\">www.inpi.gov.br\/menu-esquerdo\/patente\/pasta_oquee<\/a>)<\/span><span style=\"font-family: arial, helvetica, sans-serif;\">\u00a0<\/span><\/p>\n<p style=\"text-align: justify;\"><span style=\"font-family: arial, helvetica, sans-serif;\">A <strong>patente<\/strong> \u00e9 um t\u00edtulo de propriedade tempor\u00e1ria sobre uma\u00a0<strong>inven\u00e7\u00e3o<\/strong>\u00a0ou\u00a0<strong>modelo de utilidade<\/strong>, outorgados pelo Estado aos inventores ou autores ou outras pessoas f\u00edsicas ou jur\u00eddicas detentoras de direitos sobre a cria\u00e7\u00e3o. Em contrapartida, o inventor se obriga a revelar detalhadamente todo o conte\u00fado t\u00e9cnico da mat\u00e9ria protegida pela patente.<strong>\u00a0<\/strong><\/span><\/p>\n<p style=\"text-align: justify;\"><span style=\"font-family: arial, helvetica, sans-serif;\"><strong>2. Qual a import\u00e2ncia?\u00a0<\/strong>(fonte:\u00a0<a href=\"http:\/\/www.inpi.gov.br\/menu-esquerdo\/patente\/pasta_oquee\" target=\"_blank\" rel=\"noopener\">www.inpi.gov.br\/menu-esquerdo\/patente\/pasta_oquee<\/a>)<\/span><\/p>\n<p style=\"text-align: justify;\"><span style=\"font-family: arial, helvetica, sans-serif;\">A pesquisa e o desenvolvimento para elabora\u00e7\u00e3o de novos produtos (no sentido mais abrangente) requerem, na maioria das vezes, grandes investimentos.\u00a0<strong>Proteger esse produto<\/strong>\u00a0atrav\u00e9s de uma patente significa prevenir-se de que competidores copiem e vendam esse produto a um pre\u00e7o mais baixo, uma vez que eles n\u00e3o foram onerados com os custos da pesquisa e desenvolvimento do produto. A prote\u00e7\u00e3o conferida pela patente \u00e9, portanto, um valioso e imprescind\u00edvel instrumento para que a inven\u00e7\u00e3o e a cria\u00e7\u00e3o industrializ\u00e1vel se torne um investimento rent\u00e1vel. Durante o prazo de vig\u00eancia da patente, o titular tem o direito de excluir terceiros, sem sua pr\u00e9via autoriza\u00e7\u00e3o, de atos relativos \u00e0 mat\u00e9ria protegida, tais como fabrica\u00e7\u00e3o, comercializa\u00e7\u00e3o, importa\u00e7\u00e3o, uso, venda, etc.<\/span><\/p>\n<p>&nbsp;<\/p>\n<p style=\"text-align: center;\"><a href=\"https:\/\/tinyurl.com\/pi-patentes\"><img loading=\"lazy\" decoding=\"async\" class=\"aligncenter size-medium wp-image-5965\" src=\"https:\/\/www.usinadepesquisa.com\/wp-content\/uploads\/2024\/11\/Captura-de-tela-2024-11-16-093145-215x300.png\" alt=\"\" width=\"215\" height=\"300\" srcset=\"https:\/\/www.usinadepesquisa.com\/wp-content\/uploads\/2024\/11\/Captura-de-tela-2024-11-16-093145-215x300.png 215w, https:\/\/www.usinadepesquisa.com\/wp-content\/uploads\/2024\/11\/Captura-de-tela-2024-11-16-093145.png 353w\" sizes=\"auto, (max-width: 215px) 100vw, 215px\" \/><\/a>ChatGPT sobre Patentes (clique na figura para interagir)<br \/>\n<a href=\"https:\/\/tinyurl.com\/pi-patentes\">https:\/\/tinyurl.com\/pi-patentes<\/a><\/p>\n<p><a href=\"https:\/\/www.usinadepesquisa.com\/wp-content\/uploads\/2025\/03\/minsk-belarus-03-27-2023-openai-and-chatgpt-logo-artifical-chatbot-system-chat-bot-button-for-web-app-and-phone-icon-symbol-editorial-illustration-free-vector.jpg\"><img loading=\"lazy\" decoding=\"async\" class=\"aligncenter size-thumbnail wp-image-6019\" src=\"https:\/\/www.usinadepesquisa.com\/wp-content\/uploads\/2025\/03\/minsk-belarus-03-27-2023-openai-and-chatgpt-logo-artifical-chatbot-system-chat-bot-button-for-web-app-and-phone-icon-symbol-editorial-illustration-free-vector-150x150.jpg\" alt=\"\" width=\"150\" height=\"150\" srcset=\"https:\/\/www.usinadepesquisa.com\/wp-content\/uploads\/2025\/03\/minsk-belarus-03-27-2023-openai-and-chatgpt-logo-artifical-chatbot-system-chat-bot-button-for-web-app-and-phone-icon-symbol-editorial-illustration-free-vector-150x150.jpg 150w, https:\/\/www.usinadepesquisa.com\/wp-content\/uploads\/2025\/03\/minsk-belarus-03-27-2023-openai-and-chatgpt-logo-artifical-chatbot-system-chat-bot-button-for-web-app-and-phone-icon-symbol-editorial-illustration-free-vector-300x300.jpg 300w, https:\/\/www.usinadepesquisa.com\/wp-content\/uploads\/2025\/03\/minsk-belarus-03-27-2023-openai-and-chatgpt-logo-artifical-chatbot-system-chat-bot-button-for-web-app-and-phone-icon-symbol-editorial-illustration-free-vector-768x768.jpg 768w, https:\/\/www.usinadepesquisa.com\/wp-content\/uploads\/2025\/03\/minsk-belarus-03-27-2023-openai-and-chatgpt-logo-artifical-chatbot-system-chat-bot-button-for-web-app-and-phone-icon-symbol-editorial-illustration-free-vector.jpg 980w\" sizes=\"auto, (max-width: 150px) 100vw, 150px\" \/><\/a><\/p>\n<p style=\"text-align: center;\"><a href=\"https:\/\/chatgpt.com\/g\/g-m61KgofCL-patent-pro\">https:\/\/chatgpt.com\/g\/g-m61KgofCL-patent-pro<\/a><\/p>\n<hr \/>\n<hr \/>\n<hr \/>\n<p style=\"text-align: center;\"><a href=\"https:\/\/www.usinadepesquisa.com\/wp-content\/uploads\/2024\/11\/bit.ly7patentear.png\"><img loading=\"lazy\" decoding=\"async\" class=\"aligncenter size-thumbnail wp-image-5970\" src=\"https:\/\/www.usinadepesquisa.com\/wp-content\/uploads\/2024\/11\/bit.ly7patentear-150x150.png\" alt=\"\" width=\"150\" height=\"150\" srcset=\"https:\/\/www.usinadepesquisa.com\/wp-content\/uploads\/2024\/11\/bit.ly7patentear-150x150.png 150w, https:\/\/www.usinadepesquisa.com\/wp-content\/uploads\/2024\/11\/bit.ly7patentear-300x300.png 300w, https:\/\/www.usinadepesquisa.com\/wp-content\/uploads\/2024\/11\/bit.ly7patentear-768x768.png 768w, https:\/\/www.usinadepesquisa.com\/wp-content\/uploads\/2024\/11\/bit.ly7patentear.png 1000w\" sizes=\"auto, (max-width: 150px) 100vw, 150px\" \/><\/a>https:\/\/bit.ly\/7patentear<\/p>\n","protected":false},"excerpt":{"rendered":"<p>https:\/\/bit.ly\/7patentear &nbsp; &nbsp; Figura &#8211; Instituto Nacional da Propriedade Industrial https:\/\/www.inpi.gov.br Figura &#8211; Exemplo de carta patente expedida no Brasil \u00a0 1. O que \u00e9 patente?\u00a0(fonte:\u00a0www.inpi.gov.br\/menu-esquerdo\/patente\/pasta_oquee)\u00a0 A patente \u00e9 um t\u00edtulo de propriedade tempor\u00e1ria sobre uma\u00a0inven\u00e7\u00e3o\u00a0ou\u00a0modelo de utilidade, outorgados pelo Estado aos inventores ou autores ou outras pessoas f\u00edsicas ou jur\u00eddicas detentoras de direitos sobre [&hellip;]<\/p>\n","protected":false},"author":1,"featured_media":0,"parent":0,"menu_order":0,"comment_status":"closed","ping_status":"closed","template":"","meta":{"footnotes":""},"class_list":["post-2297","page","type-page","status-publish","czr-hentry"],"_links":{"self":[{"href":"https:\/\/www.usinadepesquisa.com\/index.php?rest_route=\/wp\/v2\/pages\/2297","targetHints":{"allow":["GET"]}}],"collection":[{"href":"https:\/\/www.usinadepesquisa.com\/index.php?rest_route=\/wp\/v2\/pages"}],"about":[{"href":"https:\/\/www.usinadepesquisa.com\/index.php?rest_route=\/wp\/v2\/types\/page"}],"author":[{"embeddable":true,"href":"https:\/\/www.usinadepesquisa.com\/index.php?rest_route=\/wp\/v2\/users\/1"}],"replies":[{"embeddable":true,"href":"https:\/\/www.usinadepesquisa.com\/index.php?rest_route=%2Fwp%2Fv2%2Fcomments&post=2297"}],"version-history":[{"count":11,"href":"https:\/\/www.usinadepesquisa.com\/index.php?rest_route=\/wp\/v2\/pages\/2297\/revisions"}],"predecessor-version":[{"id":6022,"href":"https:\/\/www.usinadepesquisa.com\/index.php?rest_route=\/wp\/v2\/pages\/2297\/revisions\/6022"}],"wp:attachment":[{"href":"https:\/\/www.usinadepesquisa.com\/index.php?rest_route=%2Fwp%2Fv2%2Fmedia&parent=2297"}],"curies":[{"name":"wp","href":"https:\/\/api.w.org\/{rel}","templated":true}]}}